- 479, -g + 5*g + h - 608 = 0. List the prime factors of g.
3, 17
Suppose 36*z + 69 = 39*z. List the prime factors of z.
23
Let c = 2 + -6. List the prime factors of ((-204)/48)/(1/c).
17
Let k(b) = b**3 + 12*b**2 - 2*b - 15. List the prime factors of k(-12).
3
Let z = 15 + -4. List the prime factors of z.
11
Suppose 0 = 281*s - 278*s - 648. What are the prime factors of s?
2, 3
Suppose 3*f = 3 - 12. What are the prime factors of 102/8 + f/(-12)?
13
Let b be 2/(-6) - (-65)/15. Suppose 7 = -b*r - 3*u - 0, r + 4*u = -18. Suppose 14 = -s + r*s. What are the prime factors of s?
2, 7
Let z(c) = -c**2 + 3*c + 8. Let x(k) = 5*k**2 - 15*k - 41. Let d(l) = -2*x(l) - 11*z(l). List the prime factors of d(5).
2
Suppose 3*k + 2 = -2*d, -k - d - 4 = -2. List the prime factors of k.
2
Let r(u) = -u - 3. Suppose -o - 1 + 4 = 0. Let f be r(o). List the prime factors of (14/f)/((-1)/3).
7
Suppose -7*q = 2*u - 2*q - 72, 80 = 2*u + q. List the prime factors of u.
41
Let m be (-369)/117 + (-4)/(-26). List the prime factors of -3*(m + 124/(-12)).
2, 5
Suppose a - 2*a = 3, -5*t + 231 = 3*a. Suppose -4*w = -w + 3*s - t, 5*w + 2*s = 68. What are the prime factors of w?
2, 3
Suppose 4*g - 6 = 18. Suppose -4*i - g - 46 = 0. What are the prime factors of (i/2)/((-2)/4)?
13
Let g be (-2)/(-7) + (-206)/(-14). Suppose 4*t = -t. Suppose -5*h + t + g = 3*y, -y = 0. What are the prime factors of h?
3
Let q be 50 - -1 - 8/(-8). Let y = q + -33. List the prime factors of y.
19
Let p = 610 - 293. List the prime factors of p.
317
Let n(k) = -k**3 - 2*k**2 + k + 4. What are the prime factors of n(-5)?
2, 37
Let s = -8 + 11. Let w = 3 - s. Suppose w = i - 5 - 4. What are the prime factors of i?
3
Suppose -5 = -l, 5*x - 4*l + 6*l + 30 = 0. Let f = 5 - x. What are the prime factors of f?
13
Suppose 0 = 11*b - 8*b - 282. List the prime factors of b.
2, 47
Let u(d) be the third derivative of -1/8*d**4 - 2*d**2 + 0*d + 0 + 0*d**3. What are the prime factors of u(-5)?
3, 5
Let a be (-21)/(-2) - 6/(-4). Suppose -a + 16 = l. List the prime factors of l.
2
List the prime factors of (-3 + (-26)/4)*-2.
19
Suppose -2*b + 15 = b + 5*k, 52 = 4*b - 4*k. List the prime factors of b.
2, 5
Let j = -10 - 0. Let o(m) = -m**3 - 9*m**2 + 8*m - 2. What are the prime factors of o(j)?
2, 3
Let f(c) be the second derivative of -c**5/60 - c**4/3 - 2*c**3/3 + c**2/2 + 2*c. Let o(k) be the first derivative of f(k). List the prime factors of o(-4).
2, 3
Suppose 0 = 4*x - 4 - 0. Suppose x = -2*p + 3*r, -2*p - 3*r - 27 - 4 = 0. Let u(t) = -t**3 - 8*t**2 - t + 7. What are the prime factors of u(p)?
3, 5
Let k(z) = z**3 - 8*z**2 + 9*z - 3. Suppose 12 = 4*a + 3*g, a - 12 = -3*a + 5*g. Let b be 7/2*6/a. List the prime factors of k(b).
11
Let k(f) = 30*f**3 + f**2 - 2*f + 1. Let t be k(1). Suppose -4*q + t = -2*q. List the prime factors of q.
3, 5
Suppose -q + 2 - 3 = 0. Let v(n) = -n - 4*n - 3*n. What are the prime factors of v(q)?
2
Let f be ((-50)/4)/1*-6. What are the prime factors of 3/12 - f/(-4)?
19
Suppose 0 - 22 = -3*f - 5*x, -5*x + 10 = 0. Suppose 8*m - 40 = f*m. What are the prime factors of m?
2, 5
Suppose 2*i - 2*p = 22, 0 = -2*i - 2*i - 2*p + 14. What are the prime factors of i?
2, 3
Let d(n) = n**2 + 5*n - 1. Let h be d(4). Suppose h = -6*t + 11*t. What are the prime factors of t?
7
Suppose 33 = l + 5*x, 5*l + 2*x - 7 - 273 = 0. What are the prime factors of l?
2, 29
Suppose 6*r = -8*r + 4144. What are the prime factors of r?
2, 37
Let r be -3*(-1)/(-2)*-2. Suppose 4*q + 0*n - 5*n - r = 0, 1 = 2*q - 3*n. Suppose q*h + 2*h = 8. What are the prime factors of h?
2
Let w(j) = -j**2 + 5*j - 4. Let g = -5 - -9. Let k be w(g). Suppose 39 + k = 3*c. What are the prime factors of c?
13
Let t(j) be the third derivative of -7/24*j**4 + 0*j - 4*j**2 + 1/12*j**5 - 2/3*j**3 + 1/120*j**6 + 0. List the prime factors of t(-6).
2
Let h(d) = 10*d**3 + d**2 + 4. List the prime factors of h(2).
2, 11
Suppose 0 = 3*d - 2*o + 30, 54 = -3*d - 5*o + 3. Let g = 26 + d. What are the prime factors of (6/7)/(2/g)?
2, 3
Let i(r) = -r**2 + 5*r + 7. Let g be ((-4)/3)/(2/(-9)). Let n be i(g). What are the prime factors of (3 - n)/((-1)/(-4))?
2
Let x = -4 - -7. Suppose -3*w - 2*w + x*u + 45 = 0, 5*w - 25 = -u. What are the prime factors of w?
2, 3
Suppose 0 = 4*b - 4, 4*b = -4*m. Let r(c) = 4*c**2 - 1. Let v be r(m). Let i(j) = j**2 - 2*j + 1. What are the prime factors of i(v)?
2
Suppose 0 - 2 = -t. Let f be (-4)/(-6) + t/(-3). Let z = f - -9. What are the prime factors of z?
3
Suppose -54 = -7*v + 4*v. What are the prime factors of v?
2, 3
Let v(w) = -w**2 + 4*w - 2. Let n be v(4). List the prime factors of 7 + ((-6)/(-1))/n.
2
Suppose 0 = -o - 2*o. Suppose o = 2*f + 3*f - 40. List the prime factors of f.
2
Suppose -2*y + 198 = 4*f, -5*f - 2*y + 253 = -5*y. Suppose 3*a - f = -2*a. What are the prime factors of a?
2, 5
Let l be 2/(-1) + -11 + 0. Let a = -3 - l. What are the prime factors of a?
2, 5
Suppose 0 = 3*c - 22 - 11. What are the prime factors of c?
11
Suppose 3*c + 2 - 104 = 0. What are the prime factors of c?
2, 17
Suppose 5*i = -c + 3*c - 11, 16 = 5*c - i. Suppose -2*p = -1 - c. List the prime factors of p.
2
Let d(c) be the second derivative of 5*c**4/12 - c**3/3 + c**2/2 - 5*c. List the prime factors of d(-2).
5
Let a be (-5)/(15/6) + 14. Suppose a = -0*p + 4*p. List the prime factors of p.
3
Let k = -48 - -94. List the prime factors of k.
2, 23
Let m = -8 + 11. Suppose 8*v - 35 = m*v. What are the prime factors of 114/v + 2/(-7)?
2
Suppose 5*i = -5*v + 30, -5*i = -3*v + v - 23. Let r = v - -3. Suppose 2*b - 22 = -2*o, r*o - 7*o - b = -31. List the prime factors of o.
2, 5
Let b(t) = 4*t - 8. Suppose -3*v + 5*h + 25 = h, -4*h = 4. List the prime factors of b(v).
2, 5
Suppose c + 13 = 2*c. Let t = 29 - c. List the prime factors of t.
2
Let d be ((-4)/6)/((-4)/(-12)). Let n = d - -6. List the prime factors of (-14)/n*(-3 + 1).
7
Let c(g) = g**3 - g**2 - g + 2. Let x be c(2). Suppose x*f = 75 - 15. What are the prime factors of f?
3, 5
Let d(a) = -a + 6. Let j be ((-3)/3)/(1/(-4)). What are the prime factors of d(j)?
2
Let o = 22 + 30. List the prime factors of o.
2, 13
Suppose -2*d + 2 = -d. Suppose -k - d*k + 60 = 0. Suppose 2*l + k = -3*l, -3*s - 5*l + 1 = 0. List the prime factors of s.
7
Suppose 4*q - 5 = 3*s, -2*q + s - 3 = -8. What are the prime factors of q?
5
Let p(a) be the first derivative of a**5/20 - 2*a**4/3 + 4*a**3/3 + a**2/2 - a - 2. Let n(j) be the first derivative of p(j). List the prime factors of n(7).
2
Suppose 35 = 5*y + 5*w, -11 = 4*y - y - 5*w. Let j = -1 + y. Suppose 0 = -j*p - p + 21. List the prime factors of p.
7
What are the prime factors of (-8)/(-44) - (2 + (-2016)/44)?
2, 11
Let b(i) = -i + 4. Let u be b(-3). Suppose -4*f = -u*f + 9. List the prime factors of f.
3
Let k(g) = 115*g**3 + 9*g**2 + 4*g + 7. Let a(m) = 57*m**3 + 4*m**2 + 2*m + 3. Let b(t) = -5*a(t) + 2*k(t). What are the prime factors of b(-1)?
2, 3
Let g be (-1561)/28 - (-6)/8. List the prime factors of 4/10 + (-638)/g.
2, 3
Suppose 4*d = 3*s - 342, -4*s + 5*d + 594 - 139 = 0. What are the prime factors of s?
2, 5, 11
Let p be (-158)/(-4) + 3/(-6). Suppose 3*i - 35 = -5*m, -4*i = 2*m - 3*m - p. Let k = 0 + i. List the prime factors of k.
2, 5
Let d(i) = i**3 + 4*i**2 - 2*i - 2. Let z be d(2). Suppose 5*g - 27 = -3*w - w, -2*w = 4*g - z. What are the prime factors of w?
3
Let z(w) = 14*w - 3. Let v(t) = 27*t - 5. Let m(g) = -6*v(g) + 11*z(g). List the prime factors of m(-2).
13
Let g(k) = 7*k - 2. Let c be g(1). Suppose c*f + x = 5*x + 109, 5*x + 110 = 5*f. List the prime factors of f.
3, 7
Let p(l) = -l**3 - 11*l**2 - 9*l. Let j be p(-10). Let n(b) = -b**2 - 10*b + 6. List the prime factors of n(j).
2, 3
Let p(f) = 6*f**3 - f**2 + f - 1. Let n be p(1). Let i(q) = 2 + 6*q**2 - 2*q - q - q**3 - q. What are the prime factors of i(n)?
7
Suppose -3*j = -3*l - 522, 5*j + l = -0*l + 852. List the prime factors of j.
3, 19
Let r = 8 - 4. Suppose r*a + 13 = 109. Suppose 4*q + 0*m - a = -m, -m - 32 = -4*q. List the prime factors of q.
7
Suppose 5*b + 4*o - 31 = 0, 3*o - 5*o = -5*b + 37. Suppose -b + 35 = 2*n. List the prime factors of n.
2, 7
Suppose 106 = q + f, q - 3*q = -f - 218. What are the prime factors of q?
2, 3
List the prime 